of a?
1
Suppose 0 = -6*c + 633 + 1845. What is the tens digit of c?
1
Let x = 28 + -19. Suppose 0*t + t - x = 0. Suppose -4*l = -t*l + 35. What is the units digit of l?
7
Let r be -10 - -18 - 4*1. Suppose 0 = -3*m - r*o + 148, -4*o + 9 = -7. Let l = m - 33. What is the tens digit of l?
1
Suppose -3*w = 207 - 57. What is the units digit of 16/8 - (w - 3)?
5
Let r(w) = 4*w**2 - 4. Suppose -6*k = 24 - 6. What is the units digit of r(k)?
2
Suppose 5*f - 18 = 12. Suppose 0 = a + 5*c - 50, f*a - a = c + 172. What is the tens digit of a?
3
Let t(v) = 2*v**2 - 12*v - 10. Let s be t(7). What is the hundreds digit of (s + -5)*(-200 - -1)?
1
Let j(t) = -11*t**2 + 8*t**2 - 12*t**2 + 5 + 22*t - 601*t**3 + 600*t**3. What is the units digit of j(-17)?
9
Suppose -49*r + 43622 = -15*r. What is the units digit of r?
3
Suppose 0 = 5*u + 10, 3*x - 80 = -3*u + 46. Let r = 77 - x. What is the units digit of r?
3
Let d be 3/6*(-1 - -2 - -5). Suppose -s = -1, -d*l + 2*s + 130 = -l. What is the units digit of l?
6
What is the units digit of -4*2/(-6)*(-169299)/(-52)?
1
Let s = 9 - 3. Let r(h) = -h**3 - 6*h**2 + 2. Let w be r(-6). Suppose s*l = w*l + 156. What is the units digit of l?
9
Let r = 85 - 145. Let u be 2/5 + (-216)/r. Let o = u + 0. What is the units digit of o?
4
Suppose 0 = 4*i - 5*c + 9, 4*i + 8*c = 3*c + 1. What is the tens digit of 66*i/8*-4?
3
Let q(r) = 2*r - 13. Let i be q(9). Let v(f) = i + 0 + f + 3 + 0. What is the units digit of v(-6)?
2
Let w(x) = -17*x + 2. Let a be w(-3). Suppose 3*i = 31 + a. What is the units digit of i?
8
Suppose -3*r - 489 + 1683 = 0. What is the tens digit of r?
9
Let y = -16 + 27. Let f = -4 + y. Suppose -2*d + 2*j - 2 = 0, 2*d = 5*j + f - 24. What is the units digit of d?
4
Let b(k) = -62*k + 19. Let d be b(-6). Suppose -1000 = -3*r - d. What is the units digit of r?
3
Suppose -38 = -4*m - 2*k - 4, 4*m - 5*k = 13. Suppose -2*l = 4*p - 516, -m*l + 4*p = -2*l - 1318. What is the hundreds digit of l?
2
Let x = 2294 + -815. What is the thousands digit of x?
1
Suppose 2*m = -i + 3232, 3*i - 5*m - 10503 + 807 = 0. What is the units digit of i?
2
Suppose 4*m = -4*s + 6*s + 38, 3*m - 3 = 0. Let l = s + 57. Suppose l = 5*g - 110. What is the tens digit of g?
3
What is the tens digit of (3/6*362)/(-4 - -5)?
8
Suppose -3070 = -5*i - 70. What is the tens digit of i?
0
Let s(w) = -w - 2. Suppose 29 = -4*d + 3*v, -6 = -4*d + v - 29. Let p be s(d). What is the units digit of 3 + -11*(-3)/p?
4
Suppose 2*t - 2*c - 6 = 0, -2*t - t = c - 17. Suppose 3*k - o = 112, -165 = -3*k - t*o - 23. Let m = 108 - k. What is the units digit of m?
9
Let m = 207 + 368. What is the tens digit of m?
7
Let y(a) = 19*a**2 + a + 2. Let h = 62 - 63. What is the units digit of y(h)?
0
Let n be 45/(12/(-16)*2*-1). Suppose -2*i + 136 = -n. What is the units digit of i?
3
Let d = -197 + 353. Suppose 10*t - d = 2634. What is the hundreds digit of t?
2
Let q = 8 - 11. Let n(u) = 17*u**2 + u + 1. What is the hundreds digit of n(q)?
1
Suppose -22*n = -5*n - 3978. What is the tens digit of n?
3
Suppose -23*u + 26742 + 59232 = 0. What is the tens digit of u?
3
Suppose 0 = -3*v + 234 - 81. Let n = 4 + v. What is the tens digit of n?
5
Let w = 303 + -157. What is the tens digit of w?
4
Suppose -m + 54 = -3*d + 2*m, 5*m = 4*d + 74. What is the units digit of 358/8 + 12/d?
4
Let m = 2645 - 1749. Suppose 0*a - m = -8*a. What is the tens digit of a?
1
Let r(w) = 4*w**3 + w**2 + 6*w - 45. What is the units digit of r(10)?
5
Suppose -18*r + 21*r = 1737. What is the hundreds digit of r?
5
Let x = -3487 + 6942. What is the thousands digit of x?
3
Suppose 4*b - 14 = 34. Let k be 3/b + 21/12. Suppose d + 9 = -k*l + 60, -122 = -2*d + l. What is the units digit of d?
9
Let n be 6/10 + 126/(-10). Let k = n + 11. What is the tens digit of 28 - k*(-9)/(-3)?
3
Let l = -11 - 7. Let y = 22 + l. Suppose -2*p = 0, 4*x - 48 = 3*x - y*p. What is the units digit of x?
8
Suppose 43 = 2*q - 3*c, -3*c = -0*q + 4*q - 41. What is the tens digit of q?
1
Suppose -10440 = -48*y + 33*y. What is the tens digit of y?
9
Let k = -774 + 1191. What is the units digit of k?
7
Let o = 813 - 319. What is the tens digit of o?
9
Let w(p) = -29*p + 11. Let l(f) = f. Let y(c) = -2*l(c) - w(c). What is the hundreds digit of y(6)?
1
Let w(i) = -3*i**2 + 3*i - 4. Let s be w(-4). Let t be (-2)/6 + s/(-12). Suppose -t*m = 0, 0 = 4*u + m - 5*m - 284. What is the tens digit of u?
7
Let r(q) = -q - 17. Let k be r(-7). Let v(j) = j**3 + 10*j**2 - 2*j + 13. What is the tens digit of v(k)?
3
Let k = -160 + 217. What is the tens digit of k?
5
Let u(f) = 396*f**2 - 5*f - 2. What is the thousands digit of u(-2)?
1
Let m(n) be the third derivative of n**4/24 - n**3/2 + 6*n**2. Let j be m(0). Let s(g) = g**2 + 2*g - 1. What is the units digit of s(j)?
2
Suppose 0 = -5*t + 28 + 2. Suppose 10 = -4*k + t*k. Let u = k + 0. What is the units digit of u?
5
Let u(p) = -p**3 - 2*p**2 + 10*p + 37. What is the tens digit of u(-3)?
1
Suppose -h + 347 = 5*x - 288, 4*h = 2*x - 232. Suppose 2*w + 40 = n, 7*n - 3*w - x = 4*n. What is the tens digit of n?
4
Suppose 915 = -5*j - 5*w, -3*j - 4*w = 125 + 422. Let f = -83 - j. What is the units digit of f?
2
Let h = 786 + -344. What is the hundreds digit of h?
4
Let z = 441 + -170. Suppose 3*p - 3*o = -5*o + z, 4*o - 194 = -2*p. Let t = p + -27. What is the tens digit of t?
6
Suppose -2 = -2*x + 4. Suppose f + 2*b = -f + 4, f + x*b + 4 = 0. Suppose f*y = 6*y - 49. What is the tens digit of y?
4
What is the tens digit of (-5 - 1335 - -2)/((-4)/2)?
6
Suppose 2*p = -p + 9. Let u(j) = -4*j - 24. Let z be u(-7). Suppose z*d + 3*i - 104 - 12 = 0, 0 = -p*d + 2*i + 70. What is the units digit of d?
6
Let y = -27 + 26. Let r(f) = -65*f**2 + f. Let m be r(y). Let i = -17 - m. What is the units digit of i?
9
Suppose 12*k - 7*k = 4*y + 4421, -4*y = 5*k - 4389. What is the hundreds digit of k?
8
What is the units digit of 15*(-16)/(-40) + 1*977?
3
Let k be (-4)/10 + 1014/(-15). Let r be 5*(k/(-20) - 3). Suppose 2*g = r*x - 76, -3*x + g + 124 = -4*g. What is the units digit of x?
3
Let t(p) be the third derivative of p**5/60 - p**4/8 - p**3/2 + 2*p**2. Let k be t(-3). Suppose -k = -3*a - 2*a. What is the units digit of a?
3
Suppose 156*l - 153*l = 1998. What is the tens digit of l?
6
Let w be 100 - (-1 - -1 - (8 - 11)). Suppose 11*n = 1307 - w. What is the units digit of n?
0
Let n(o) = -o**2 + 2*o + 2. Let f be n(-3). Let g = -11 - f. Let l(q) = 13*q + 1. What is the units digit of l(g)?
7
What is the units digit of 4/(2/(-86)*(-40)/280)?
4
Suppose 16*u = 15886 + 2818. What is the units digit of u?
9
Let f be 4/(-10) + 528/(-55). What is the hundreds digit of (-4)/(-20) + (-1038)/f + 1?
1
Let v(j) = j**3 - 10*j**2 + j - 34. Let c(a) = -a**3 + 11*a**2 - 2*a + 34. Let h(p) = 5*c(p) + 6*v(p). What is the tens digit of h(7)?
3
Let a(f) = -f**2 + 7*f + 12. Let w be a(7). Suppose -2 = -v + w. What is the tens digit of (-24)/v*(-735)/30?
4
Suppose -2*n + 5*p - 5 = 0, 5 = 12*p - 7*p. Suppose 20*w - 5*w - 2760 = n. What is the tens digit of w?
8
Let g(j) = -2*j**2 - 2*j**2 + 3*j**2 - 13 + 7*j**2 - 7*j. What is the hundreds digit of g(-5)?
1
Let g = 6 + 32. What is the tens digit of g?
3
Suppose 0 = 10*r - 37 - 13. Suppose -r*z = -1010 - 125. What is the hundreds digit of z?
2
Let a(y) = -3*y - 36. Let m be a(-15). Let z(s) = s**2 + 3*s - 11. What is the units digit of z(m)?
7
Let d(z) = z**3 - 7*z**2 - 10*z + 14. Let x be d(8). Suppose 3*r - 31 + 98 = -2*t, 2*t - 4*r = -46. What is the tens digit of (3 - t/(-2))*x?
2
Let z(s) = s**3 - 5*s**2 - 7*s + 3. Let a = -26 + 33. Let i be z(a). Suppose -2*t - 3*w = -34, t + 3*t - i = -2*w. What is the tens digit of t?
1
Let h(c) = -8*c - 12. Let t(n) = -17*n + 2. Let m be t(2). What is the units digit of h(m)?
4
Suppose 27 = 3*w + 3*l, 4*w - 5*l + 7 = 34. Let m be (-1)/(-4) + 78/w. What is the tens digit of 55/2 - m/(-20)?
2
Let g(h) = -6*h**2 - 7*h + 4. Let l be g(5). Let t = 318 + l. What is the hundreds digit of t?
1
Let o = -14 - -26. Suppose -4*d + 105 = d - 3*f, 49 = 3*d + f. What is the tens digit of 1076/d + o/54?
6
Suppose -5*s = 3*a - 9, 4*s + 9 = 3*a + 7*s. Suppose 2*g - 288 = 40. Suppose r - g = -a*r. What is the tens digit of r?
4
Suppose -3*h + 13 + 11 = 3*v, 3*h